2)/b) - -10. What is the highest common divisor of k and 88?
8
Let n = 207 + -135. Calculate the highest common factor of n and 54.
18
Suppose -s + 59 = 11. What is the greatest common factor of 16 and s?
16
Let h(f) = -2*f**3 - 6*f**2 - 9*f - 5. Let r be h(-3). Calculate the highest common divisor of r and 121.
11
Let w = 4 - -10. What is the greatest common divisor of 154 and w?
14
Let j(o) = o**3 - 8*o**2 + 9. Let a be j(8). What is the highest common factor of a and 9?
9
Let i = 32 + -18. What is the highest common factor of i and 14?
14
Suppose x - 5*x = 0. Suppose -6*s + 10*s - 48 = x. What is the greatest common factor of 60 and s?
12
Suppose -12 = -p - 5*y, 3*p + 2 - 38 = 2*y. Suppose 11 = 2*o + 1. Suppose -157 = -o*d + 83. Calculate the greatest common factor of p and d.
12
Let b = 3 + 7. Let y = 0 + b. Calculate the greatest common divisor of y and 20.
10
Let s(g) be the first derivative of 1 + 3*g + 0*g**2 + 2/3*g**3. Let d be s(-3). What is the greatest common factor of 7 and d?
7
Suppose -2*s - 94 = a - 313, 2*s - 215 = -5*a. What is the greatest common divisor of s and 10?
10
Let m = 175 + -60. What is the highest common factor of 23 and m?
23
Let m(n) = -4*n + 32. Let x be m(7). What is the highest common divisor of 32 and x?
4
Let h(l) be the second derivative of l**5/20 - l**4/12 + 13*l**2/2 + 8*l. Let m be h(0). Calculate the highest common divisor of m and 65.
13
Suppose 5*k + 27 = -h, -3*k - 4 - 5 = 0. Let m be h/42 + 282/7. What is the highest common factor of 8 and m?
8
Suppose -4*s = -u - 617, 4*s - u - 611 = 2*u. What is the greatest common factor of s and 62?
31
Let j be (-272)/(-9) + 6/(-27). Let q = -19 + 94. What is the greatest common divisor of q and j?
15
Let x(r) = 2*r + 4. Let y be x(8). Let g be ((-6)/5)/((-8)/y). Suppose -g*h + 0*h = -42. Calculate the greatest common factor of h and 126.
14
Let d(s) = -3*s - 5. Let b be d(2). Suppose 2*g - 3 + 1 = 0. Let x = g - b. Calculate the highest common factor of x and 24.
12
Let i(o) = o - 1. Let u be i(5). Suppose -2*k = 3*b + 187, 3*k + 233 = 7*b - 2*b. Let w be (-8)/28 + k/(-7). Calculate the highest common divisor of w and u.
4
Let m = 44 - 18. Calculate the highest common factor of 13 and m.
13
Let r be (2 - (-3)/3) + 3. Let d be 11/(3/r*1). What is the highest common factor of d and 66?
22
Suppose 0 = -6*x - 3 + 39. Calculate the highest common divisor of x and 42.
6
Suppose -5*b = -2*g - 39, -4*b - 8*g + 18 = -3*g. Let h(i) = 17*i + 2. Let v be h(b). Let q = v + -76. What is the highest common divisor of q and 30?
15
Suppose -4*s + 3*k - 20 = 0, s + s - 4 = -2*k. Let i = s - -7. Let m be 2/(-5) + 127/5. Calculate the highest common factor of i and m.
5
Suppose -r + 147 = m, 2*r + 151 = 3*r + 2*m. Calculate the highest common factor of 13 and r.
13
Let d(f) = 7*f - 3. Let v be d(5). Let l(i) = -10*i**3 - i - 2. Let x be l(-2). What is the highest common divisor of x and v?
16
Suppose 0 = 5*a + 2*z - 172, 3*z = 4*a - 2*a - 84. Let f(t) = 23*t**2 - 5*t + 8. Let i be f(2). Calculate the greatest common factor of a and i.
18
Let c = 21 - 13. Calculate the highest common divisor of c and 24.
8
Suppose -3*k + 2*k = -4. Suppose -k*g = 59 - 427. Suppose 0 = 5*s + 37 - g. What is the highest common divisor of s and 11?
11
Let f = -77 + 185. Calculate the greatest common divisor of f and 36.
36
Suppose 5*l + 2*d = 608, -8 = -2*d - 0. Calculate the greatest common divisor of l and 15.
15
Suppose -2*x + 14 = -24. Let u = 558 - 387. What is the greatest common divisor of x and u?
19
Let b be ((-6)/9)/(2/(-96)). Calculate the greatest common factor of b and 80.
16
Let m be (1/(-3))/((-1)/228). Calculate the greatest common factor of 57 and m.
19
Suppose 5*v = -2*b + 21, -2*b + 64 = 3*b + v. Suppose -3*q = q - 416. What is the greatest common factor of b and q?
13
Let r(y) = -2*y + 10. Let a be r(-7). Let t be (-1)/(-2)*a/2. Suppose -27 = -z + 4*f, z + t = 3*z + 4*f. Calculate the highest common divisor of 11 and z.
11
Suppose 2*j = 0, 3*i - 8 - 13 = -j. Let f(k) = k**3 + 11*k**2 + 12*k - 5. Let a be f(-9). Calculate the greatest common factor of a and i.
7
Suppose -5*c + 2 = 22. Let k = 8 + c. Suppose k*f - 146 = 62. What is the greatest common divisor of f and 13?
13
Let l = -3 - -2. Let f be (-2)/(-3) - l/3. Suppose 2*v + 1 = 3*v. Calculate the greatest common factor of v and f.
1
Suppose -2*n - 244 = -2*c, -650 = -9*c + 4*c - 5*n. Let u = -24 + 42. What is the highest common factor of c and u?
18
Let i(g) = -g + 8. Let w = 2 + -2. Let d be i(w). Suppose 2*f - 3*r - 41 = 0, f - 4 = -4*r - 0. Calculate the highest common divisor of f and d.
8
Let d = -39 + 66. Suppose 3*q + 64 = 4*y, 6 = -y + 2*q + d. Calculate the greatest common divisor of 104 and y.
13
Let b = -59 - -66. Let m(y) = -y**3 + 3*y**2 - 4*y - 3. Let l be m(-3). What is the highest common factor of b and l?
7
Let l(q) = -3*q + 10. Let u be l(5). Let g be u + 124 + 2*1. Calculate the highest common factor of g and 11.
11
Let n = 60 - 59. Let k(w) = -w**3 + 5*w**2 - w - 4. Let z = 2 + 1. Let a be k(z). Calculate the highest common divisor of n and a.
1
Let b be -1 - 0 - (-33)/3. What is the greatest common factor of b and 90?
10
Let z be (-10)/4*(-112)/70. Calculate the highest common factor of 28 and z.
4
Suppose 5*o + 249 = 3*n, 2*o = n - 3*o - 73. Calculate the highest common divisor of n and 11.
11
Suppose 0 = 5*q - 60. Let f(i) = -i**2 - 12*i + 12. Let x be f(-12). Calculate the highest common factor of q and x.
12
Let s(z) = z + 5 - 6 - 5*z + z**2 - 5. Let a be s(-4). Let o = 128 + -89. Calculate the highest common divisor of o and a.
13
Suppose -n - 5*w + 2 = 0, 8 = 5*n - 4*n - w. Let p be (-28)/(-8)*36/n. Calculate the highest common factor of p and 198.
18
Let z(c) = c**2 + 4*c - 8. Let v be z(-6). Suppose v*q + 2 = 62. Suppose 2*n - 5 = 205. What is the highest common divisor of n and q?
15
Let w(t) = -t**3 - t**2 - t - 1. Let p(c) = -3*c**2 + 5*c + 2. Let f(m) = p(m) + 2*w(m). Let d be f(-5). Calculate the greatest common factor of 10 and d.
10
Suppose 0 = 25*f - 26*f + 112. What is the highest common divisor of 14 and f?
14
Let j be 2/9 + 2010/(-54). Let d = j - -53. Let a be -1*(2 - (3 + 1)). What is the greatest common divisor of d and a?
2
Let s(i) = 0 - 3*i - 1 - 12*i**3 + 3 + 2*i**2 + 13*i**3. Let g be s(-3). Let r(u) = 3*u + 2. Let k be r(4). What is the highest common factor of k and g?
2
Suppose -5*n = -5, -4*n - 51 = -2*q - 3*q. Let h = -15 - -35. Let i = h - -79. Calculate the highest common divisor of q and i.
11
Let p(z) = 5*z**2 - z - 2. Let v be p(-2). Let l = v + -12. Let u(q) = 4*q**3 - 2*q**2 - q + 1. Let a be u(3). Calculate the greatest common divisor of a and l.
8
Suppose -5*z = 5, 3*g + 9*z = 4*z + 385. Calculate the highest common divisor of g and 26.
26
Let k = -7 - -11. Calculate the highest common factor of 44 and k.
4
Let g(f) = -f**2 + 4*f + 1. Let m be g(3). Let x(h) = 2*h. Let p be x(m). Calculate the greatest common divisor of 16 and p.
8
Let d be 0 - (6 + (3 - 3)). Let c = d + 6. Suppose -3*x + 2*f + 36 = 0, 0*x - 3*x - 3*f + 21 = c. Calculate the greatest common divisor of x and 10.
10
Suppose -39 + 9 = -5*t. Suppose 0 = -3*f + 40 + 5. What is the greatest common factor of f and t?
3
Suppose -5*m - g = -63, 5*m - 6*g = -g + 45. Let u be 1 + -1 + 14 + -1. Suppose -u = 2*k - 73. Calculate the highest common factor of m and k.
6
Suppose -5*c = -2*c - 18. Suppose 5*a + c = 31. Let i(z) = 3*z**2 + 5*z - 2. Let p be i(-3). What is the highest common factor of p and a?
5
Let k be (55/(-4))/(2/(-8)). Let h(t) = -2*t**3 - 2*t**2 + t - 1. Let i be h(-2). Calculate the greatest common divisor of k and i.
5
Let w = -53 + 58. Suppose -5*a + 11 = 5*j - 4, -a - 5*j = -15. Suppose 4*g - 208 = 2*x, -g + x + 0*x + 54 = a. What is the highest common factor of w and g?
5
Suppose 2*g + 2 = -16. Let z(m) = -3*m - 11. Let t be z(g). Calculate the highest common factor of t and 24.
8
Let c(t) = t + 9. Let s be c(9). Let f = 30 - 18. What is the highest common divisor of f and s?
6
Suppose 3*h + 8 = n, 2*h = n - 2*n + 8. What is the greatest common divisor of 16 and n?
8
Suppose l - 4*u = 141, u - 10 = 3*u. What is the greatest common factor of 11 and l?
11
Let x be 0 - (1 - 2) - -55. Let